{"id":51,"date":"2023-10-20T14:49:18","date_gmt":"2023-10-20T14:49:18","guid":{"rendered":"http:\/\/danielbrzyski.pl\/?page_id=51"},"modified":"2023-10-20T14:49:18","modified_gmt":"2023-10-20T14:49:18","slug":"o-autorze","status":"publish","type":"page","link":"https:\/\/www.danielbrzyski.pl\/index.php\/o-autorze\/","title":{"rendered":"O autorze."},"content":{"rendered":"\n<p>Cze\u015b\u0107, jestem Daniel.<\/p>\n\n\n\n<p>Zapewne si\u0119, zastanawiasz, kim ja\u2026 jestem?.<\/p>\n\n\n\n<p>Zwyk\u0142ym szaraczkiem niczym specjalnie si\u0119, niewyr\u00f3\u017cniaj\u0105cym na tle innych ludzi. Jestem samoukiem, swojego czasu nauczy\u0142em si\u0119, robi\u0107 strony internetowe, (w miar\u0119 dobrze dzia\u0142aj\u0105). \ud83d\ude0f<\/p>\n\n\n\n<p>Interesuje  si\u0119, r\u00f3\u017cnymi rzeczami, ciekawi mnie to, jak ten \u015bwiat funkcjonuje, lubi\u0119 ogl\u0105da\u0107 filmy dokumentalne i programy popularnonaukowe.<\/p>\n\n\n\n<p>A ten blog ma by\u0107, moim p\u0142\u00f3tnem, a co do tre\u015bci?, to b\u0119d\u0105 one zwi\u0105zane z moimi zajawkami, g\u0142\u00f3wnie z programowaniem, grami komputerowymi jak i zwi\u0105zane z moimi \u017cyciowymi do\u015bwiadczeniami i przemy\u015bleniami.<\/p>\n\n\n\n<p><strong>Kontakt<\/strong>: e-mail: daniel@danielbrzyski.pl<\/p>\n\n\n\n<p><strong>Podpi\u0119te wpisy:<\/strong><\/p>\n\n\n\n<p><a href=\"https:\/\/www.danielbrzyski.pl\/index.php\/2023\/11\/09\/strony-z-dziennika-09-11-2023\/\">Strony z dziennika 09 11 2023 Troch\u0119 o mnie<\/a><\/p>\n","protected":false},"excerpt":{"rendered":"<p>Cze\u015b\u0107, jestem Daniel. Zapewne si\u0119, zastanawiasz, kim ja\u2026 jestem?. Zwyk\u0142ym szaraczkiem niczym specjalnie si\u0119, niewyr\u00f3\u017cniaj\u0105cym na tle innych ludzi. Jestem samoukiem, swojego czasu nauczy\u0142em si\u0119, robi\u0107 strony internetowe, (w miar\u0119 dobrze dzia\u0142aj\u0105). \ud83d\ude0f Interesuje si\u0119, r\u00f3\u017cnymi rzeczami, ciekawi mnie to, jak ten \u015bwiat funkcjonuje, lubi\u0119 ogl\u0105da\u0107 filmy dokumentalne i programy popularnonaukowe. A ten blog ma&hellip;<\/p>\n","protected":false},"author":1,"featured_media":53,"parent":0,"menu_order":0,"comment_status":"open","ping_status":"closed","template":"","meta":{"footnotes":""},"class_list":["post-51","page","type-page","status-publish","has-post-thumbnail","hentry"],"_links":{"self":[{"href":"https:\/\/www.danielbrzyski.pl\/index.php\/wp-json\/wp\/v2\/pages\/51","targetHints":{"allow":["GET"]}}],"collection":[{"href":"https:\/\/www.danielbrzyski.pl\/index.php\/wp-json\/wp\/v2\/pages"}],"about":[{"href":"https:\/\/www.danielbrzyski.pl\/index.php\/wp-json\/wp\/v2\/types\/page"}],"author":[{"embeddable":true,"href":"https:\/\/www.danielbrzyski.pl\/index.php\/wp-json\/wp\/v2\/users\/1"}],"replies":[{"embeddable":true,"href":"https:\/\/www.danielbrzyski.pl\/index.php\/wp-json\/wp\/v2\/comments?post=51"}],"version-history":[{"count":0,"href":"https:\/\/www.danielbrzyski.pl\/index.php\/wp-json\/wp\/v2\/pages\/51\/revisions"}],"wp:featuredmedia":[{"embeddable":true,"href":"https:\/\/www.danielbrzyski.pl\/index.php\/wp-json\/"}],"wp:attachment":[{"href":"https:\/\/www.danielbrzyski.pl\/index.php\/wp-json\/wp\/v2\/media?parent=51"}],"curies":[{"name":"wp","href":"https:\/\/api.w.org\/{rel}","templated":true}]}}